factor of 7 and w?
7
Let d = -267 + 502. Suppose 0 = -3*k + s + d, -2*k + 5*s + 55 = -k. Let y be (16/(-12))/((-6)/45). What is the greatest common factor of k and y?
10
Let q be (2 - -2)/((-4)/(-42)*-3). Let g = 32 + q. What is the highest common divisor of g and 18?
18
Suppose 2*g - 4*c - 12 = -6*c, -7 = 3*g - 2*c. Let j(k) = -k**2 + 9*k - 7. Let o be j(7). What is the highest common factor of o and g?
1
Let g = 13 - 19. Let o = g - -8. Suppose -17 = -o*j - 1. Calculate the highest common divisor of 12 and j.
4
Suppose 2*c - 45 = 3*l + 227, 2*c - l - 264 = 0. Suppose 3*x + x + 4*w - 104 = 0, -w = -2*x + 52. What is the greatest common factor of c and x?
26
Let n be 2*((-22)/4 + 2). Let k(g) = -g**3 - 7*g**2 - g - 2. Let t be k(n). Let s = t + 32. What is the greatest common factor of s and 296?
37
Suppose 3*s + s = -2*o + 296, 0 = 4*o - 3*s - 625. Calculate the greatest common divisor of 22 and o.
22
Let q = 107 + 68. Calculate the highest common factor of q and 25.
25
Let k be 4/(-3)*-3 - (11 - 5). Let u be k*(-258)/36 + 2/(-6). Suppose 2*s + s - 6 = 0. What is the greatest common factor of s and u?
2
Suppose -3*y = -56 - 25. Let a be 72/16 + 5 - (-1)/(-2). Calculate the highest common factor of a and y.
9
Let d(f) = -17*f**2 + 5*f**2 + 1 + 13*f**2 - 7*f - 2*f. Let c be d(11). What is the greatest common divisor of 69 and c?
23
Let j = -402 - -451. What is the greatest common divisor of j and 7?
7
Let s = 10664 - 10629. Suppose 14 = 4*u - 98. Calculate the greatest common factor of u and s.
7
Let k be 2840/6*(-6)/(-4). Suppose -5*v = -4*l + k, -2*l - 3*l + 890 = -5*v. Calculate the greatest common factor of l and 36.
36
Suppose 87*m = 92*m - 65. Calculate the highest common divisor of 117 and m.
13
Let c(u) = 27 - 8*u - 8*u + 4 + 15*u. Let y be c(-13). What is the highest common divisor of y and 22?
22
Suppose -r + 70 = 4*n, -5*n - 19 - 177 = -4*r. Calculate the greatest common factor of r and 108.
54
Let d(p) = -2*p**3 + 3*p**2 - 10*p - 7. Let o be d(-7). Suppose 0 = 2*k - 360 + o. Let w be (-2 + k/(-4))/1. Calculate the greatest common factor of 26 and w.
13
Let o be -27*(10/6)/5. Let s(l) = l + 10. Let m be s(o). Let r be m/(-5) + 2706/30. Calculate the greatest common divisor of 18 and r.
18
Let i be -6*3/(-12) - 3/2. Suppose 496 = -i*y + 4*y. Calculate the greatest common divisor of y and 31.
31
Let l(m) = -2*m**2 + 3*m - 1. Let n be l(0). Let s(z) = -31*z - 5. Let w be s(n). What is the greatest common divisor of 208 and w?
26
Suppose -8*u - 463 = -1135. What is the greatest common divisor of 36 and u?
12
Let n be 3/((-12)/8) + 0. Let r be (-25)/2 - 1/n. Let q = r + 25. What is the highest common factor of 91 and q?
13
Let j = -10 - -14. Suppose -5 = o, -2*t = 2*o - 7*o - 27. Suppose q - 15 - t = -j*g, 3*q = -4*g + 56. What is the highest common divisor of 8 and q?
4
Let t = -1 + 13. Let u be ((-2178)/t)/(4/(-8)). What is the greatest common divisor of 33 and u?
33
Suppose 44*r + 12252 = 49*r - 2*h, r + 4*h = 2446. Calculate the greatest common factor of r and 50.
50
Let g be ((1 + 1)/4 + 18)*2. Let n = -36 + g. What is the highest common divisor of n and 2?
1
Let v(w) = w + 3. Suppose 0*q + 25 = -5*q. Let s(z) = -z - 1. Let t be s(q). Let d be v(t). What is the greatest common factor of 1 and d?
1
Suppose 4*g = -5*g - 18. Let k be (g/(10/33))/((-8)/40). Calculate the greatest common divisor of k and 3.
3
Let i be (-2 + 3)*2 - -98. Suppose -44 + i = 2*d. What is the greatest common divisor of d and 4?
4
Suppose -a = -3*b + 3, -a + 5*b = b + 5. Suppose 2*z - a*z = -11. Suppose -s + 19 + 11 = -i, -s = 2*i - 39. Calculate the highest common divisor of s and z.
11
Let u be 2/5 - 18/(-5). Suppose 3*a - 2 = -g, u*g - 2 + 24 = 3*a. Let y be (a/(-6))/(3/(-27)). Calculate the greatest common factor of y and 3.
3
Suppose -14 - 49 = -3*g - 2*u, -21 = -g - 4*u. Let c = g + -15. Calculate the highest common divisor of c and 54.
6
Let n(q) = -4*q + 1. Let i be n(2). Let p = i - -22. Suppose 0 = -3*l - 0 + p. What is the highest common factor of l and 55?
5
Let j(o) = -14*o + 311. Let s be j(22). What is the greatest common divisor of s and 471?
3
Let f(z) = z**3 + 9*z**2 + 14*z - 3. Let n(j) = 3*j + 2. Let x be n(-3). Let d be f(x). Let a = d + 6. What is the greatest common divisor of 24 and a?
3
Let n be 27/63 + 64/14. Suppose n*s - 33 = -3. Calculate the highest common divisor of 42 and s.
6
Let i(j) = 4*j**2 - 8*j - 3*j**2 - j + 6 + 0*j. Let m be i(9). Let g = m - -4. Calculate the highest common divisor of g and 2.
2
Let v(n) = -2*n**2 + 23*n - 15. Let w be v(10). Suppose -3*o + 0*o = -w. Suppose -o*l + 10 + 15 = 0. What is the greatest common divisor of 35 and l?
5
Let i be 12/4 - (-4 - -1). Calculate the highest common factor of i and 90.
6
Suppose 2*j + 9 = 5*j, 0 = -p - 3*j + 12. Let m be 45/p - (-1 + 4). What is the greatest common divisor of 132 and m?
12
Let i(j) = 278*j - 391. Let l be i(8). Calculate the greatest common factor of 282 and l.
141
Let n be (-3 - -1)/(2/(-20)). Suppose -n + 7 = -c. What is the highest common factor of 143 and c?
13
Suppose -15*t + 491 + 274 = 0. What is the greatest common divisor of t and 68?
17
Let w = 152 - 52. Let i(y) = y**2 - 4*y - 18. Let d be i(-3). Suppose -d*s + 5*t = -125, 2*s + 2*t - 79 = t. Calculate the highest common divisor of w and s.
20
Let u be (-150)/(-24) + 2/(-8). Let l be (-189)/14*1*(-4)/u. Calculate the highest common divisor of l and 36.
9
Suppose -71*b + 66*b + 45 = 0. Calculate the highest common factor of 72 and b.
9
Suppose -8*v - 9 = -5*v. Let t = 8 + v. Suppose -7 = -t*h + 4*y, -h = -2*y - 0*y + 1. What is the greatest common factor of 15 and h?
3
Let g(f) be the third derivative of 9*f**5/20 - f**4/12 - 2*f**3/3 - 16*f**2. Let w be g(-2). Calculate the highest common divisor of 72 and w.
36
Suppose 32 = -2*s + 3*v, s - 33 = 4*s + 3*v. Let m = s - -16. Let b be 15/(-60) - (-74)/8. Calculate the greatest common divisor of b and m.
3
Suppose -1826 = -42*v + 7414. Calculate the highest common factor of 165 and v.
55
Let h be (25/4)/((6/6)/92). Calculate the highest common divisor of h and 25.
25
Suppose 161 = 5*y - 0*y + 2*w, 0 = 4*w + 8. Suppose l - 4*h = 28, -5*h - 79 = 5*l - 319. What is the greatest common divisor of y and l?
11
Suppose -26*c = -29*c. Suppose m - 1 = c, -4*a - m + 36 = 3*m. Calculate the greatest common divisor of 60 and a.
4
Let b = -368 - -403. What is the greatest common divisor of b and 25?
5
Suppose 17*c + 11*c = 896. Calculate the greatest common factor of c and 304.
16
Let n = 308 + -219. Suppose 5*x + 4*l = 288, 0 = 3*x - 5*l - 69 - n. Calculate the highest common divisor of x and 14.
14
Suppose 0 = -2*k + 3*z + 29, 6*k + 2*z + 15 = 7*k. Suppose -k*v = -11*v - 392. What is the highest common factor of v and 49?
49
Suppose 145*u - 3*c = 140*u + 1587, 0 = 4*u + 3*c - 1248. What is the greatest common divisor of u and 63?
63
Let i = -262 + 265. Let r = -48 + 84. Calculate the highest common divisor of i and r.
3
Suppose 12 = 3*g, 2*l + 5*g = -l + 26. Let y be 24/(l + (-3)/6). Calculate the greatest common divisor of 40 and y.
8
Let k = 581 + -557. Let i(f) = f**2 + 4*f - 9. Let b be i(-7). What is the highest common divisor of k and b?
12
Let o(l) = -3*l - 3. Let r be o(-7). Suppose -2*c - r = -94. Let f = 142 - 123. What is the greatest common divisor of f and c?
19
Suppose -6*q + 780 = 4*q. Let b = 103 - q. What is the highest common factor of 25 and b?
25
Let n be ((-1)/(-3))/((-6)/(-126)). Let p be (3 - 2)/(-1)*-2. Let a be n*(p + (-16)/(-4)). Calculate the greatest common factor of a and 105.
21
Let h = 511 + -409. What is the highest common divisor of 153 and h?
51
Suppose 484*n - 485*n = s - 1266, -2*n = s - 2531. What is the greatest common factor of n and 165?
55
Suppose 0 = 5*x + 60 - 165. Let b be 419/(1 + -1 - -1). Suppose -3*z - 1 = 2, 5*k - b = -z. Calculate the highest common divisor of k and x.
21
Let p(y) = y**3 + 7*y**2 + 5*y - 4. Let z be p(-6). Let n = 1646 - 1645. What is the greatest common divisor of z and n?
1
Suppose 0 = -5*o + 3*o + 8. Let q be -5 - -3 - -6*o. Calculate the greatest common divisor of 66 and q.
22
Let u = -8 - -13. Suppose 0*j - j = -5*z + 152, -z + 40 = -u*j. Suppose 24 = 3*k - 4*s, -48 = -k - 4*k + 4*s.